. Is (6/27 - r/9) + -3 prime?
True
Let d(s) = -17*s**3 - 5*s**2 + 2*s + 65. Is d(-12) prime?
True
Let q be 5 + ((-9456)/(-4))/3. Is (1 + q)*(3 - 1)/4 prime?
True
Let p(m) = 12*m**2 - 16*m + 65. Is p(17) a prime number?
False
Let u be 0*(3 + (-7)/2). Suppose -4*o - 8 + 316 = u. Is o prime?
False
Is 276/(-69)*(-11539)/4 composite?
True
Let v = -141424 + 226337. Is v composite?
False
Let p(w) = 17*w**3 - 2*w**2 - 2*w + 3. Is p(2) composite?
False
Let t(o) = -2530*o - 241. Is t(-11) a composite number?
True
Let u = 6 + -2. Suppose -u*x + 8 = 4*a - 9*a, 3*x - 6 = -4*a. Suppose 0*c - 4*h - 188 = -2*c, a = 3*h. Is c a prime number?
False
Suppose 7*l + 161 = -147. Is ((-443)/4)/(11/l) prime?
True
Let l be (-6)/1*8/(-24). Let a(g) = -203*g - 2. Let s be a(-1). Suppose l = j - s. Is j a composite number?
True
Suppose -9*c + 25 = -4*c. Suppose -3647 = -3*g - 5*n, c*g - 2*n - n = 6101. Is g a composite number?
True
Let p be 2/(-3 - -4)*2. Let m(r) = -721*r + 133. Let f(c) = 38*c - 7. Let k(l) = p*m(l) + 77*f(l). Is k(5) a composite number?
True
Let j(q) = 9*q**2 + 2*q - 2. Let w be j(-2). Let x = 28 - w. Is x/(-3) + 47970/54 composite?
True
Let o = -14 + 18. Suppose o*p = -3*h + 211 + 782, 0 = 4*h - p - 1343. Is h a prime number?
False
Let c(g) = -81*g + 13. Suppose -10 = 3*s + 2*z, -z + 3 = 2. Is c(s) a prime number?
True
Suppose -65*z = -62*z - 9. Suppose 0 = -z*d + 5*d - 2422. Is d prime?
False
Suppose -11*c + 145841 - 54178 = 0. Is c composite?
True
Suppose -7 = -u - 4. Is 800/u + (-2)/(-6) a composite number?
True
Suppose 2*d - 132878 = -4*b, -2*b + 99669 = b - 2*d. Is b prime?
False
Let p be 7/(-21) - (-76)/3. Suppose k - 6*l + 3*l = 15, 5*l = -5*k - p. Suppose k = -4*m - 3*v + 2231, 5*m - 4*m - v - 556 = 0. Is m a prime number?
True
Suppose d - 4*v = 653, -3*d + 6*v - 11*v = -1908. Is d prime?
True
Is (4/(-6))/((-68)/1586202) a composite number?
False
Suppose 0 = -32*m + 62639 + 64689. Is m a prime number?
False
Is 8 - (5 - 197952/6) a composite number?
True
Let x = 100 + -97. Let u(a) = 3*a**2 - 7*a + 4. Is u(x) composite?
True
Is ((-4398)/(-12))/((-6)/(-60)) composite?
True
Let c(d) = 718*d**2 - 6*d + 43. Is c(3) a prime number?
False
Let g = -428 - -424. Let c = 12 + -6. Is ((-20)/c)/(g/66) composite?
True
Let o = 4 - 2. Suppose 6 = -2*h, -o*x + 3*h - h = -258. Let w = 327 - x. Is w prime?
False
Suppose -3*d + 643 = 382. Is d a composite number?
True
Let z = 121 + -29. Is 2 + -1 - 28/(-8)*z a prime number?
False
Suppose 4*k = -7*k + 7403. Is k composite?
False
Suppose -5572 = -5*d + 4023. Is d a composite number?
True
Let b(c) = c**3 + 17*c**2 + 13*c + 15. Is b(-8) composite?
False
Let t be -574*6/(-4) + 0. Let r = t + -460. Is r composite?
False
Let a = 567 + -126. Let c = a - 634. Let m = c - -272. Is m a prime number?
True
Suppose 3*p - 12*d = -10*d + 1231, 0 = 2*d - 8. Is p a composite number?
True
Is (15 + (1 - 9))*(1 + 6678) composite?
True
Suppose 2*v = 4 + 4. Let x = -12 - -63. Suppose a - x = v*z, 2*z = 3*a - 2*z - 129. Is a prime?
False
Let p = 84 - 46. Let k = 75 - p. Is k a prime number?
True
Let j be 9 - ((-8)/14)/((-18)/63). Suppose -151 = j*k - 2748. Is k a prime number?
False
Let d = -96 - -99. Suppose -11719 = -5*z - 3*g + 4989, -2*z - d*g = -6685. Is z composite?
True
Let g(b) = -426*b - 4. Let m be g(-1). Suppose d - 1055 = m. Is d prime?
False
Let c = 4831 + 552. Is c prime?
False
Let z(i) = 29*i**2 + 6*i - 3. Let w be z(-6). Suppose -11*u = -8*u - w. Is u prime?
False
Let u(m) = 36*m**2 - 2*m - 7. Suppose 30 = 7*z - 17*z. Is u(z) a composite number?
True
Let p = 52 - 35. Suppose -8*f + 495 + 17 = 0. Let w = f - p. Is w a composite number?
False
Suppose -143230 = -1057*p + 1052*p. Is p a composite number?
True
Suppose 3*f = -3*u - 0*u, -12 = -3*u. Let o be (f/(-6))/(8/60). Suppose -4*n - h + 1402 = 227, 0 = -o*h + 15. Is n a composite number?
False
Let w = 5 - 16. Let g be (-10 - w) + 3 + -1. Is (598 + -1)*g/9 a composite number?
False
Suppose a - 3113 = -4*b, 4*a - 6213 = 2*a + 5*b. Is a a prime number?
True
Suppose -2929 = -2*o - d, 2*d = 3*o - o - 2920. Suppose 3*c = o + 124. Is c a composite number?
True
Is (2/8)/(-7 - 459880/(-65696)) a prime number?
True
Let p(r) = -6 + 10*r**2 + 4*r**2 - 3*r**2 - r**3 - 10*r + r**2. Is p(5) a prime number?
False
Suppose -8 = 2*u, 3*m + 756 = 5*m - 4*u. Suppose 14155 = 5*l - m. Suppose 2*q + 2*v = 6*q - 2914, v = -4*q + l. Is q a composite number?
False
Suppose 0 = -3*p + 1949 - 221. Suppose 4*r - 5*n = 582, 3*r + 2*n = 7*r - p. Is r a prime number?
False
Let i(g) = g - 14. Let h be i(16). Suppose -h*a = 5*l, -a - 4*l - 2 = 1. Suppose -1643 = -a*c + 402. Is c prime?
True
Suppose -u - 24 = -4*x, 1 = -3*x + 5*u + 2. Let w be x/((-847)/212 + 4). Suppose 6*m - 958 - w = 0. Is m a prime number?
False
Let l = -199247 - -335414. Is l a prime number?
False
Suppose 15 + 17 = 8*m. Suppose 5*h - p - 3857 + 1255 = 0, m*p - 1054 = -2*h. Is h composite?
False
Suppose 8*h - 531355 = 142621. Is h prime?
True
Suppose 5*o + 3076 = 22161. Is o composite?
True
Suppose -9*k = -4*k - 40. Is (4 - 2)*(1396/k - 1) a prime number?
True
Let a(o) = -2*o. Let i be a(0). Let f = i - -6. Suppose 0 = 5*q - 7*q + f. Is q prime?
True
Suppose 0*n - 4*g + 8 = n, 4*n - 5*g + 10 = 0. Suppose n = -4*m + 4*f, 0 = -m - m + 4*f + 6. Is -3 + (-320)/(-4) + m a composite number?
True
Suppose -5*j - 39 = 2*u, 3*j = -4*u + 2 - 59. Is (u - -9) + 1 + 341 + -2 a composite number?
False
Is (8/(-6))/((-53312)/(-8886) - 6) a prime number?
False
Let w = -2 + 2. Suppose -3*m = -2*p - 10, w = -4*m - m - p + 8. Suppose -n = 5*l - 225, m*l + 641 = -3*n + 6*n. Is n a prime number?
False
Suppose 0 = 5*l - 5*g - 15, -2 = 2*l - 3*l + 2*g. Is 0 + (-4154)/(-8) + (-1)/l composite?
True
Let o = -1654 + 1178. Let p = 839 + o. Let i = p - 254. Is i a composite number?
False
Suppose x - 5*b + 173508 = 4*x, 5*x - 289202 = -b. Is x a prime number?
False
Let j be -28*-1*(-1 - -3). Let g be (-2)/(-6) + j/(-6). Is (1 + 2)*(-417)/g prime?
True
Is -1*4602/(-15) - 2/(-10) prime?
True
Let w(s) = s**3 + 62*s**2 + 6*s + 17. Is w(-26) composite?
False
Let o(g) = 71*g + 10. Suppose -5*r = -4*t - 24, 5*r - t = 2*t + 28. Let f be o(r). Let m = f - 376. Is m a prime number?
False
Suppose 5*p + 12 - 1 = -3*m, -m + 19 = -4*p. Suppose -n = m*n - 14548. Is n composite?
False
Is (1*9334/10)/(17/85) a composite number?
True
Let x be (-3)/2*(-16)/12. Let d = 9 - 5. Suppose x*n - d*w - 103 = 3, 0 = -2*n + w + 106. Is n a prime number?
True
Suppose -5*t + 2731 = 146. Suppose -4*f + 3*f = -t. Is (f + 6)*(-1 - -2) composite?
False
Suppose 246*j - 232*j - 150836 = 0. Is j prime?
False
Suppose 0 = 5*f - 3*f - 376. Suppose 2*s - u + 188 = s, s + f = 2*u. Let a = s - -733. Is a prime?
False
Let u(q) be the first derivative of q**4/24 + 79*q**3/6 + 3*q**2/2 - 2. Let t(l) be the second derivative of u(l). Is t(0) composite?
False
Let y(g) = -22*g - 3. Let c(t) = t - 14. Let d be c(8). Is y(d) a composite number?
True
Let r(d) = d**3 + 5*d**2 - 3*d + 12. Let y be r(-6). Let k(x) = -36*x**2 - 16*x - 7. Let j be k(y). Let p = j + 2048. Is p prime?
False
Suppose -38 = -2*g - 0*g. Let w = g - 14. Is 443/w + (-6)/(-15) composite?
False
Let q(d) = -40*d + 1. Let n(r) = -r**3 + 5*r**2 - r - 3. Let g be n(3). Let p = 9 - g. Is q(p) prime?
False
Let r = 704 - 380. Let b = r + -93. Suppose 0 = f + 2*f - b. Is f a composite number?
True
Let w = -16496 + 24105. Is w prime?
False
Is (-4)/2 - 19533/(42/(-14)) a composite number?
True
Suppose -104*d = -103*d - 24267. Is d a composite number?
True
Let w(r) = -r**3 - 8*r**2 - 4*r - 6. Let v be (132/(-18))/((-2)/(-3)). Is w(v) prime?
True
Suppose -24896 = -5*m + 35*b - 36*b, -2*b + 2 = 0. Is m prime?
False
Is 4/(40/(-95))*-409*2 a prime number?
False
Let k(w) = -164*w + 37. Is k(-24) composite?
True
Let r = -153 - -90. Let y = r + 116. Is y composite?
False
Let u(h) = 3*h**3 - 8*h**2 + 4*h + 2. Let s(n) = -4*n. Let c be s(-1). Is u(c) a prime number?
False
Let v = -50 + 139. Is v composite?
False
Let l = 12 - 7. Let x be (3 - 1) + (-11)/(55/10). Suppose -2*o = -l*j - 69, x*j + 2*j = -5*o + 187. Is o a prime number?
True
Let y(s) = -3*s - 3*s + s**3 + 4 - 2*s + 2*s**2 + 5*s**2. Let w be y(-8). Suppose 5*x + 245 = 5*c, c - w*x + 8 = 45. Is c a prime nu